0508 is divided by 453?
452
Calculate the remainder when 1114316 is divided by 1114233.
83
Calculate the remainder when 9209464 is divided by 2784.
2776
Calculate the remainder when 267777 is divided by 7313.
4509
Calculate the remainder when 3269287 is divided by 3309.
3304
What is the remainder when 14922932 is divided by 549?
14
What is the remainder when 24440 is divided by 4029?
266
Calculate the remainder when 2237454 is divided by 88.
54
What is the remainder when 2892737 is divided by 578544?
17
What is the remainder when 1037637 is divided by 935?
722
Calculate the remainder when 50207229 is divided by 590.
589
Calculate the remainder when 6859814 is divided by 244.
242
Calculate the remainder when 493168 is divided by 3045.
2923
Calculate the remainder when 13094190 is divided by 5830.
10
Calculate the remainder when 6724699 is divided by 336234.
19
What is the remainder when 151526 is divided by 50171?
1013
What is the remainder when 552698 is divided by 30699?
116
Calculate the remainder when 371550 is divided by 3288.
6
What is the remainder when 4978440 is divided by 3516?
3300
Calculate the remainder when 91052 is divided by 43818.
3416
What is the remainder when 242865 is divided by 138?
123
Calculate the remainder when 2964541 is divided by 637.
580
What is the remainder when 41454979 is divided by 84775?
4
Calculate the remainder when 11849013 is divided by 21.
15
What is the remainder when 338555 is divided by 67703?
40
What is the remainder when 4669088 is divided by 36?
32
What is the remainder when 2148212 is divided by 1833?
1769
What is the remainder when 114104 is divided by 5420?
284
What is the remainder when 222343 is divided by 269?
149
Calculate the remainder when 44077 is divided by 4004.
33
Calculate the remainder when 1355239 is divided by 386.
379
What is the remainder when 175694558 is divided by 7?
4
Calculate the remainder when 9173176 is divided by 1759.
1750
Calculate the remainder when 124515 is divided by 523.
41
What is the remainder when 166736115 is divided by 5041?
5040
What is the remainder when 5053180 is divided by 1030?
0
Calculate the remainder when 6532546 is divided by 42.
34
Calculate the remainder when 10139263 is divided by 8.
7
What is the remainder when 338263 is divided by 112319?
1306
What is the remainder when 53315160 is divided by 47?
5
Calculate the remainder when 910452 is divided by 1515.
1452
Calculate the remainder when 303632116 is divided by 3.
1
What is the remainder when 53029592 is divided by 41?
28
Calculate the remainder when 278183 is divided by 38.
23
What is the remainder when 43691 is divided by 14128?
1307
Calculate the remainder when 8509657 is divided by 2574.
13
Calculate the remainder when 24185847 is divided by 8280.
8247
Calculate the remainder when 639981 is divided by 39995.
61
Calculate the remainder when 134827762 is divided by 64.
50
Calculate the remainder when 1306079 is divided by 6838.
21
Calculate the remainder when 38664 is divided by 1208.
8
Calculate the remainder when 786916411 is divided by 48.
43
What is the remainder when 56291 is divided by 1143?
284
Calculate the remainder when 902133 is divided by 8.
5
Calculate the remainder when 12818242 is divided by 5113.
5064
Calculate the remainder when 74742 is divided by 1200.
342
Calculate the remainder when 9973066 is divided by 29161.
4
Calculate the remainder when 117557 is divided by 24.
5
Calculate the remainder when 1363891 is divided by 90926.
1
What is the remainder when 18407410 is divided by 128?
114
Calculate the remainder when 23349685 is divided by 51431.
11
What is the remainder when 1793398 is divided by 7664?
22
Calculate the remainder when 107545 is divided by 4054.
2141
Calculate the remainder when 244389 is divided by 42.
33
Calculate the remainder when 51046118 is divided by 783.
782
Calculate the remainder when 660560 is divided by 541.
540
What is the remainder when 45750 is divided by 1177?
1024
Calculate the remainder when 4230731 is divided by 2726.
2705
Calculate the remainder when 1383838 is divided by 461278.
4
Calculate the remainder when 41791341 is divided by 29.
21
Calculate the remainder when 543627 is divided by 478.
141
Calculate the remainder when 82693755 is divided by 2813.
2807
Calculate the remainder when 3025939 is divided by 336193.
202
What is the remainder when 91385888 is divided by 117?
113
Calculate the remainder when 157232 is divided by 52400.
32
Calculate the remainder when 4735166 is divided by 430468.
18
Calculate the remainder when 24024119 is divided by 11.
9
Calculate the remainder when 30030487 is divided by 2777.
9
Calculate the remainder when 41086597 is divided by 91.
6
Calculate the remainder when 65794 is divided by 21450.
1444
What is the remainder when 362835 is divided by 18927?
3222
Calculate the remainder when 34127306 is divided by 23.
21
What is the remainder when 3040151 is divided by 114?
113
Calculate the remainder when 74898 is divided by 1791.
1467
Calculate the remainder when 622523 is divided by 88229.
4920
Calculate the remainder when 77116554 is divided by 5349.
21
What is the remainder when 235165 is divided by 12330?
895
What is the remainder when 41096939 is divided by 1002364?
15
What is the remainder when 2554921 is divided by 1133?
6
Calculate the remainder when 27589098 is divided by 18356.
30
Calculate the remainder when 484278 is divided by 16685.
413
What is the remainder when 2983864 is divided by 40?
24
What is the remainder when 875407 is divided by 218615?
947
Calculate the remainder when 209341 is divided by 14948.
69
Calculate the remainder when 95643495 is divided by 264.
255
What is the remainder when 3864904 is divided by 167989?
1157
Calculate the remainder when 14677611 is divided by 7338804.
3
Calculate the remainder when 2454143 is divided by 818037.
32
What is the remainder when 556137 is divided by 751?
397
Calculate the remainder when 1437415 is divided by 637.
343
What is the remainder when 268816 is divided by 5520?
3856
What is the remainder when 858996 is divided by 1164?
1128
Calculate the remainder when 1339103 is divided by 200.
103
Calculate the remainder when 2132331 is divided by 49587.
90
Calculate the remainder when 146079 is divided by 176.
175
Calculate the remainder when 53669 is divided by 249.
134
Calculate the remainder when 863113 is divided by 848.
697
Calculate the remainder when 3508870 is divided by 718.
4
Calculate the remainder when 873574 is divided by 886.
864
Calculate the remainder when 3627188 is divided by 2081.
5
Calculate the remainder when 12415 is divided by 3817.
964
What is the remainder when 20693810 is divided by 2956258?
4
Calculate the remainder when 17584750 is divided by 1465394.
22
Calculate the remainder when 71197276 is divided by 54683.
10
What is the remainder when 167670 is divided by 10476?
54
Calculate the remainder when 6093359 is divided by 1872.
1871
What is the remainder when 32363 is divided by 825?
188
Calculate the remainder when 214570 is divided by 20.
10
Calculate the remainder when 81618 is divided by 32.
18
Calculate the remainder when 1031252 is divided by 1584.
68
Calculate the remainder when 12007925 is divided by 6019.
20
What is the remainder when 1219968 is divided by 937?
931
Calculate the remainder when 5246533 is divided by 683.
410
What is the remainder when 2681710 is divided by 36236?
246
What is the remainder when 931778 is divided by 931705?
73
Calculate the remainder when 4790896 is divided by 134.
128
What is the remainder when 9385992 is divided by 45?
27
Calculate the remainder when 3081910 is divided by 18.
4
Calculate the remainder when 711896 is divided by 19774.
32
What is the remainder when 77874 is divided by 41?
15
What is the remainder when 3005653 is divided by 121?
13
What is the remainder when 794667 is divided by 170?
87
Calculate the remainder when 4362494 is divided by 623170.
304
Calculate the remainder when 93271 is divided by 4855.
1026
Calculate the remainder when 654611 is divided by 1620.
131
Calculate the remainder when 98435 is divided by 13639.
2962
What is the remainder when 285868 is divided by 57160?
68
Calculate the remainder when 2898001 is divided by 47508.
13
What is the remainder wh